100?
11000
In base 13, what is -11 + -8?
-19
In base 11, what is -3 + -7444?
-7447
In base 10, what is -6 + 242?
236
In base 5, what is 32322 + -3?
32314
In base 10, what is 949 - 2?
947
In base 4, what is 12122 + 0?
12122
In base 9, what is 0 + 34?
34
In base 9, what is 0 + 8?
8
In base 15, what is -17 - 4?
-1b
In base 14, what is -1 - -28?
27
In base 12, what is 839 + -4?
835
In base 7, what is -31 + 4?
-24
In base 5, what is 1 + 4?
10
In base 8, what is 372 + -2?
370
In base 12, what is 4 + 1396?
139a
In base 3, what is -111110 - -2?
-111101
In base 9, what is -151 + 21?
-130
In base 7, what is -135 - 33?
-201
In base 16, what is -3f - -12?
-2d
In base 9, what is -3 + 2178?
2175
In base 5, what is 33 - 121?
-33
In base 8, what is 1 + -3632?
-3631
In base 4, what is 10 + 110022?
110032
In base 4, what is 1 - -1220?
1221
In base 11, what is 64 - 85?
-21
In base 9, what is -501 - 2?
-503
In base 3, what is 122 - 1202?
-1010
In base 14, what is -5 + -3b?
-42
In base 7, what is -154 - -4?
-150
In base 10, what is 14 + 13?
27
In base 2, what is 10100 - 10000011?
-1101111
In base 7, what is -1 - 11?
-12
In base 11, what is -1a444 + 1?
-1a443
In base 6, what is 4 - 214?
-210
In base 8, what is 5 - -5034?
5041
In base 6, what is 2254 - 1?
2253
In base 10, what is 11 + -3?
8
In base 10, what is -25 - -123?
98
In base 4, what is 133320 + 0?
133320
In base 15, what is 1 - -77?
78
In base 9, what is -7 - -77?
70
In base 13, what is -1 + 11?
10
In base 4, what is 1300 - 2?
1232
In base 12, what is 137 + 25?
160
In base 2, what is -101 + -101001?
-101110
In base 5, what is -2124 + -3?
-2132
In base 6, what is 4 + -3010?
-3002
In base 14, what is -29 - -2?
-27
In base 16, what is 9 - -18?
21
In base 5, what is -4320 + 2?
-4313
In base 7, what is 10 - -6624?
6634
In base 8, what is 613 - 4?
607
In base 2, what is -101101 - 1000110100?
-1001100001
In base 14, what is -1 + -33?
-34
In base 4, what is -2 + 103122?
103120
In base 12, what is -643 + -4?
-647
In base 9, what is 122 - -2?
124
In base 16, what is 757 + 1?
758
In base 2, what is -101011 - -11?
-101000
In base 7, what is -151 + 1?
-150
In base 3, what is -2110 + -2?
-2112
In base 3, what is -12 + 2202020?
2202001
In base 7, what is 5 - 2513?
-2505
In base 5, what is 0 + 103?
103
In base 11, what is 4 + -116?
-112
In base 2, what is 1 - -11001?
11010
In base 3, what is 11 + 110022?
110110
In base 7, what is 4 - -1540?
1544
In base 15, what is 10 - -15?
25
In base 12, what is 843 - 6?
839
In base 10, what is 2 - -59?
61
In base 6, what is -3 + -2150?
-2153
In base 13, what is -b + 26?
18
In base 12, what is 1342 + 0?
1342
In base 15, what is -9cb - -8?
-9c3
In base 3, what is 2001011 + -10?
2001001
In base 11, what is -5 + 536?
531
In base 10, what is -405 - 0?
-405
In base 12, what is -3b16 + 3?
-3b13
In base 6, what is 4 - 130?
-122
In base 5, what is -133120 + 0?
-133120
In base 2, what is -10111110101 - -101?
-10111110000
In base 9, what is 4 + -85?
-81
In base 5, what is 114 + -2?
112
In base 16, what is -4 + -7fc?
-800
In base 5, what is 20 + -212?
-142
In base 9, what is 2 - -38?
41
In base 13, what is -1 + -1c7?
-1c8
In base 14, what is -76 + -4?
-7a
In base 8, what is 2 - 37?
-35
In base 15, what is -102 + -8?
-10a
In base 11, what is 35 - 267?
-232
In base 14, what is -26c3 - 4?
-26c7
In base 11, what is 44 - a?
35
In base 6, what is -15 - 15?
-34
In base 9, what is 4 - -1577?
1582
In base 16, what is 16 - -7?
1d
In base 4, what is -1 + -232?
-233
In base 4, what is 1 - 2322?
-2321
In base 12, what is 7 + -4?
3
In base 13, what is -8b - 3?
-91
In base 5, what is -2 + 1304?
1302
In base 13, what is 5 + 6a?
72
In base 10, what is 293 - -1?
294
In base 14, what is c - -a?
18
In base 11, what is 1 - -106?
107
In base 16, what is -2 + -1?
-3
In base 3, what is -201110110 + 1?
-201110102
In base 12, what is 2b8 - -5?
301
In base 12, what is -2 + -84?
-86
In base 2, what is 10100 + 11000?
101100
In base 14, what is -2c28 - 5?
-2c2d
In base 7, what is 3 - 1424?
-1421
In base 13, what is -1 + 1596?
1595
In base 14, what is -1 - -1886?
1885
In base 9, what is -2 + -163?
-165
In base 10, what is 2382 + -5?
2377
In base 16, what is 15 + 21?
36
In base 10, what is 473 - -5?
478
In base 11, what is -8a5 - -3?
-8a2
In base 13, what is -1165 + 0?
-1165
In base 4, what is -302 + 2?
-300
In base 8, what is -36 + -43?
-101
In base 10, what is -648 + 34?
-614
In base 7, what is 14314 - 5?
14306
In base 12, what is 5 - -227?
230
In base 8, what is 100 - -255?
355
In base 5, what is -122341 + 2?
-122334
In base 3, what is 0 + -20?
-20
In base 5, what is -4 - -11?
2
In base 12, what is -10b + 5?
-106
In base 6, what is -14322 - -2?
-14320
In base 15, what is -5 - -2008?
2003
In base 3, what is -10 - 10200?
-10210
In base 11, what is 4 + 226?
22a
In base 3, what is -1021 - 1201?
-2222
In base 10, what is 2 + 395?
397
In base 4, what is -31 - -11302?
11211
In base 7, what is -3553 - 5?
-3561
In base 11, what is 4 + -4?
0
In base 4, what is 233 - 1011?
-112
In base 10, what is 15 - -621?
636
In base 13, what is -3 + -1aa?
-1b0
In base 9, what is 1254 + 14?
1268
In base 15, what is -6a4 - -5?
-69e
In base 8, what is -1 - 1125?
-1126
In base 6, what is -2 - 523?
-525
In base 10, what is 20 + -16?
4
In base 15, what is -36 + c?
-29
In base 4, what is 1 + 202002?
202003
In base 13, what is 5 - -656?
65b
In base 16, what is 14 - -5c?
70
In base 9, what is -5 - -175?
170
In base 14, what is 2442 - -2?
2444
In base 3, what is 12 + -2122201?
-2122112
In base 14, what is -35 + -2?
-37
In base 3, what is 2 - -21020001?
21020010
In base 11, what is 2 - 110?
-109
In base 11, what is -193 - 3?
-196
In base 6, what is 311 + 3?
314
In base 16, what is c16 + 3?
c19
In base 13, what is -12 + 1?
-11
In base 14, what is -5d + -3?
-62
In base 14, what is da - 1?
d9
In base 11, what is -13101 + -2?
-13103
In base 7, what is -4005 + 2?
-4003
In base 7, what is 3 - -43?
46
In base 13, what is -11 - -5?
-9
In base 7, what is -4 - 6231?
-6235
In base 9, what is 172 + -10?
162
In base 8, what is 255 + 14?
271
In base 8, what is -5 + 461?
454
In base 2, what is -111011101 - -10?
-111011011
In base 8, what is 7 - 46?
-37
In base 3, what is 122 + 2?
201
In base 7, what is 11 - 12310?
-12266
In base 13, what is 4 - b8?
-b4
In base 15, what is -3 + -792?
-795
In base 7, what is 5 + 31?
36
In base 5, what is -1003 + 10?
-443
In base 4, what is 213 - 321?
-102
In base 10, what is 18 + -3?
15
In base 2, what is 100100110 + -10?
100100100
In base 2, what is 1 + -1?
0
In base 2, what is 10 - 101010111?
-101010101
In base 11, what is -46a + 0?
-46a
In base 15, what is -5 + -3a?
-40
In base 12, what is 2 - 3a9?
-3a7
In base 9, what is 56 + -1?
55
In base 7, what is 656 + -5?
651
In base 16, what is -ba + -5?
-bf
In base 6, what is 5452 + 25?
5521
In base 14, what is 4 - -512?
516
In base 4, what is -2 + 323?
321
In base 5, what is 0 + 200?
200
In base 6, what is 130 - 0?
130
In base 12, what is -19 - 8?
-25
In base 13, what is -cc2 + 3?
-cbc
In base 2, what is 100 - 10000010?
-1111110
In base 15, what is -2 - -c?
a
In base 10, what is -94 - 5?
-99
In base 11, what is 1 - -5a9?
5aa
In base 6, what is -445 + 3?
-442
In base 12, what is -b559 - 1?
-b55a
In base 16, what is -2ab + -2?
-2ad
In base 6, what is 500 - 5?
451
In base 10, what is -168 - 2?
-170
In base 2, what is 1001 - -101?
1110
In base 4, what is 31 - -2?
33
In base 9, what is -4 + -37?
-42
In base 5, what is 1412 - -20?
1432
In base 15, what is -8 + -4?
-c
In base 13, what is -33 + -2?
-35
In base 5, what is 43 + -1124?
-1031
In base 15, what is -4d - 5?
-53
In base 13, what is 3 - -291?
294
In base 8, what is -4 - 43?
-47
In base 8, what is -3 + -23?
-26
In base 5, what is -124 + 2224?
2100
In base 15, what is 1b + -2?
19
In base 13, what is -8b87 - 2?
-8b89
In base 16, what is 1 - -36?
37
In base 4, what is 22 + 133?
221
In base 6, what is -125 - 3?
-132
In base 14, what is 2 - 83?
-81
In base 10, what is -1 + -254?
-255
In base 7, what is 362 - 4?
355
In base 3, what is -1 + -12122?
-12200
In base 9, what is 2 + 4054?
4056
In base 4, what is -2 - -1233?
1231
In base 10, what is 3 + -1079?
-1076
In base 13, what is 377 - -3?
37a
In base 7, what is 5 + 16?
24
In base 14, what is 178 - -2?